er when 10 + (2 - 1) + u is divided by (-16)/(-168)*35*12/5?
2
Suppose -4*r = 2*j - 126, 27*j + 75 = 3*r + 22*j. Suppose -p + 5 = 13. Let o = p + r. What is the remainder when o is divided by 9?
4
Calculate the remainder when ((-844)/(-5))/((-3440)/575 - -6) is divided by 17.
16
Let n = -173 + 170. Calculate the remainder when ((-1)/n)/((-6)/1980*-2) is divided by 20.
15
Suppose -5*b + 2*k = -335, 3*k - 10 = -25. Calculate the remainder when 242 is divided by b.
47
Let q = -1790 - -1795. Calculate the remainder when 467 is divided by q.
2
What is the remainder when 978 is divided by -93 + 572 - (2 + (-10 - -1))?
6
Let b(l) = 8*l**3 - 6*l**2 + l + 5. Suppose 68*m - 43*m - 325 = 0. Calculate the remainder when b(4) is divided by m.
9
Let i(z) = 2*z**2 + 13*z - 6. Let k(w) = w**2 + 13*w - 5. Let j(s) = -2*i(s) + 3*k(s). What is the remainder when 116 is divided by j(6)?
38
Suppose -365*s = -35635 - 6705. Calculate the remainder when 923 is divided by s.
111
Suppose 53 = q - 3*m, -119*m = -q - 121*m + 38. Let v(g) = 10*g**2 + 6*g - 10. What is the remainder when v(-7) is divided by q?
42
Let w(n) be the third derivative of 1/8*n**4 - 3/10*n**5 - 18*n**2 + 1/120*n**6 - 19/6*n**3 + 0 + 0*n. Calculate the remainder when 171 is divided by w(18).
31
Let o(l) = l**2 + 23*l + 94. Let i be o(21). Let y = -443 + i. What is the remainder when y is divided by 72?
71
Let o = 259 - 139. Suppose -19*n = 5*n - o. What is the remainder when n is divided by 3?
2
Suppose 0 = -4*j - 0*j. Let a(o) = -23*o + 140. Let z be a(6). Suppose z*c + m + 0*m - 22 = j, -c + 16 = -2*m. Calculate the remainder when 35 is divided by c.
11
Let l be (3*8/18)/((-6)/(-81)). Suppose -19*m + l*m + 37 = 0. Let b = -84 - -231. Calculate the remainder when b is divided by m.
36
Let w(l) = l**2 + 14*l + 4. Let h be w(-14). Suppose h*j - 6200 = -16*j. Calculate the remainder when j is divided by 109.
92
Let y = -4974 + 5202. Calculate the remainder when 862 is divided by y.
178
Let d be ((-15)/2)/((-3)/(-16 + 4)). Let k = d - -49. Suppose -2*a - 30 = 4*b - 88, -51 = -3*b - 3*a. Calculate the remainder when k is divided by b.
7
Suppose -3*z - 10 = -55. Let b = 2388 + -2387. Suppose -z = -2*p - 4*c - c, -p + b = -4*c. Calculate the remainder when 19 is divided by p.
4
Suppose -15*x + 1852 - 2 = -5*x. Calculate the remainder when x is divided by 22.
9
Suppose -3*d = 3*h + 2*d - 54, -5*h + 130 = -5*d. What is the remainder when 480/(2 - -1) - 2 is divided by h?
20
Suppose 2*v - 5*n = -79, v - 3*n = -3*v - 193. Let b = v - -57. Suppose 0 = -z + b*z - 44. Calculate the remainder when 41 is divided by z.
8
Let s(k) = -k**2 - 10*k - 16. Let i be s(-5). What is the remainder when i/(-10 + 1) + 43 is divided by 42?
0
Let v(y) = 3*y**3 - 16*y**2 - 10*y - 2. Let k(r) = r**2 + 6. Let z be k(0). What is the remainder when 33 is divided by v(z)?
3
Calculate the remainder when ((-920)/(-80) + -13)*82/(-3) is divided by 31.
10
Suppose -4*a + 1405 = 3*x, -a + x = -3*x - 375. What is the remainder when a is divided by 16?
3
Suppose -2 = 4*s + 4*c - 18, 4*c = s - 24. Suppose 0 = s*w - 9*w - 254. Let t = -157 - w. Calculate the remainder when t is divided by 20.
17
Let x be (2 - (-90)/(-25))*-5*3. What is the remainder when 7/(196/x)*(33 + 2) is divided by 8?
6
Let p(m) = m**2 - 152*m - 734. Let y(q) = -3*q**3 - 7*q**2 - q - 2. What is the remainder when y(-5) is divided by p(-5)?
50
Suppose -u + 54 = y - 23, 0 = 5*y - 4*u - 385. Suppose -y = -f - 34. What is the remainder when 84 is divided by f?
41
Let k be 64/(-6)*21/(-2). Let o = 2031 + -1993. What is the remainder when o is divided by ((k - 0)/(-4))/(-2)?
10
Calculate the remainder when 1254 is divided by ((-42)/77)/(18/(-132)).
2
Suppose 4*z + 795 = 5*t, -4*z = t + 91 - 250. Let b = -49 - -103. What is the remainder when t is divided by b?
51
Let f(s) = -60*s**3 + 4*s**2 - 2*s - 2. What is the remainder when f(-1) is divided by 9*-1*(-5 + 3)?
10
What is the remainder when ((-12)/(-4) + -2)/(6/(38832 + 12)) is divided by 1293?
9
Suppose -3*s = j - 169, -340 = -2*j - 39*s + 32*s. Calculate the remainder when 801 is divided by j.
149
Let i(n) = -n**3 + 243*n**2 + 240*n + 1053. Calculate the remainder when 1*307 - 0/1 is divided by i(244).
76
Let b(n) = 43*n**2 - 7*n + 4. Let i be -2 - 1 - (-8 + 3). Calculate the remainder when b(i) is divided by 41.
39
Let k = -66 - -36. Suppose c + 2*c = -3*r + 105, -2*r + 178 = 5*c. Let g = c + k. Calculate the remainder when g is divided by 2.
0
Let h(j) = -3*j + 2. What is the remainder when -8 - (31 + 1540/(-50) + 2471/(-5)) is divided by h(-2)?
6
Let p = 28 - 28. Calculate the remainder when 53 is divided by -24 + 26 + -1*(-7 - p).
8
Let o = 7058 - -222. Calculate the remainder when o is divided by 560.
0
What is the remainder when 61*6 + (-23)/115*5 is divided by 91?
1
Suppose 5*y + 65584 = o, -302627 = -5*o - y + 25189. Calculate the remainder when (-2)/13 + o/962 is divided by 9 + 1 - (0 - 0).
8
Let z = 293 - 124. Suppose 5*n + l = 1421, -3*l - 413 - z = -2*n. What is the remainder when n is divided by 32?
29
Suppose -4*o = -5*z - 55, 0*z - 3*o = 2*z + 22. Let l(k) = k**2 + 14*k + 62. Calculate the remainder when 608 is divided by l(z).
28
Suppose -c - 783 = 5*k - 871, -5*c - k + 176 = 0. Suppose 0 = -0*f + 4*f - 1968. Calculate the remainder when f is divided by c.
30
Suppose 5*d + 352 = 32. Let m = d - -46. What is the remainder when (m/(-24))/((-3)/(-144)) is divided by 10?
6
Suppose -7*l = -4*l + 288. Let z = 103 + l. What is the remainder when 40 is divided by z?
5
Let m be ((-24)/(-20))/(12/20). Suppose -322 = -5*l + m*t - 1, 5*l = 5*t + 330. Calculate the remainder when l is divided by 17.
12
Let y be (51 - 51)*(1 + -2). Suppose -52 = -4*j + 5*l, -5*j - 2*l - l + 28 = y. What is the remainder when 86 is divided by j?
6
Suppose 6*t = 13 + 59. Suppose 0 = 8*z - 3*z - 80. Calculate the remainder when (158 + 0)*t/24 is divided by z.
15
Let m(u) = 41 + 6*u**2 + 11*u + 26*u + 6. What is the remainder when 114 is divided by m(-6)?
32
What is the remainder when 685 is divided by (-518)/2331 + 3766/18?
58
Suppose 24 = 4*z - 2*z. Calculate the remainder when (308/(-231) - (-2)/3)*-66 is divided by z.
8
Let j = -5794 + 5945. What is the remainder when j is divided by 116?
35
Calculate the remainder when 6/(-27) - ((-6 - -1) + 70547/(-711)) is divided by (15/4)/(2/8).
14
Let m = -16 + 86. Suppose 2*h - 79 = 5*p, 2*h - 38 = h + p. Let o = h + -18. What is the remainder when m is divided by o?
13
Let p(z) = -z**2 + 7*z + 10. Let x(f) = 5*f - 98. Let q be x(21). Calculate the remainder when 21 is divided by p(q).
1
Suppose 2*b + 3*w + 6 = 5*w, 5*b - 4*w = -10. Suppose -b = z + 4*r - 64, -2*z - r + 89 = 0. What is the remainder when 375 is divided by z?
39
Suppose 4*t + x - 3*x - 10 = 0, 3*x = -3. Let p(n) = -12*n**t + 3*n**3 + n - 3*n + 2*n - 2 + 4*n. What is the remainder when p(5) is divided by 19?
17
Let p = 4952 + -4932. Calculate the remainder when 1032 is divided by p.
12
Let y(p) = 2*p**3 + 34*p**2 + 27*p - 33. Let b be (-56)/(-35)*3/(12/(-40)). What is the remainder when y(b) is divided by 16?
15
Calculate the remainder when 121841/17 + 2 + -13*18/1989 is divided by 163.
160
Suppose 6137 = 65*l - 1728. Calculate the remainder when l is divided by 47.
27
Let k(m) = 5*m**3 + 191*m**2 + 37*m + 28. Suppose -230 = -5*z - 2*n, 0 = 4*z - 3*n + 6*n - 191. Calculate the remainder when k(-38) is divided by z.
22
Let k(r) = -496*r - 2644. Calculate the remainder when k(-8) is divided by 78.
76
Let v = -4 + -19. Let m = 41 + v. Suppose -m*y + 15*y + 36 = 0. Calculate the remainder when 56 is divided by y.
8
Let c = -100 - -170. Let i = -148 + 199. Calculate the remainder when c is divided by -4*(i/12*-2 + 4).
16
Let f be (-680)/32 + 3/12. What is the remainder when 67 is divided by ((-28)/f)/((-4)/(-69))?
21
Suppose 0 = -5*z + 67*p - 70*p + 12, -5*z - 5*p + 20 = 0. Suppose z = -w + 1, -25*a - 64 = -27*a - 4*w. What is the remainder when a is divided by 9?
3
Let v(s) = -2*s + 5. Let l(f) = f - 3. Let x(d) = 10*l(d) + 6*v(d). Suppose -13 = -6*g - 103. What is the remainder when 118 is divided by x(g)?
28
Suppose d = 3*d - 14. Calculate the remainder when 41 is divided by 99/d + (45/(-21) - -2).
13
Suppose -15 = 5*z, -4*u + 4*